est common factor of 22029332 and 162006?
1742
What is the greatest common factor of 699078 and 1554666?
10434
What is the greatest common divisor of 314022351 and 16677?
5559
What is the greatest common factor of 626 and 9054?
2
What is the greatest common divisor of 1774071 and 71703?
2313
Calculate the greatest common factor of 11592 and 715967.
161
Calculate the greatest common factor of 8500 and 1348610.
170
What is the highest common divisor of 6057001 and 2?
1
What is the highest common factor of 1524 and 781431?
381
Calculate the highest common divisor of 253949128 and 22818.
7606
Calculate the highest common factor of 2862 and 14460174.
54
Calculate the greatest common factor of 690 and 427470.
30
What is the greatest common factor of 228198 and 21024?
438
What is the highest common divisor of 235 and 136765723?
47
Calculate the highest common divisor of 1907540 and 1320800.
2540
What is the highest common divisor of 1051148 and 50251?
31
Calculate the highest common factor of 27376538 and 49.
7
What is the greatest common divisor of 18331332 and 1344?
12
What is the highest common factor of 644 and 3964556?
92
What is the highest common divisor of 56784 and 9550320?
624
What is the highest common factor of 401031 and 5022?
81
Calculate the greatest common divisor of 6731 and 11048698.
53
What is the greatest common divisor of 776 and 7643600?
776
What is the highest common divisor of 16852 and 12920888?
1532
Calculate the greatest common factor of 1258729 and 67.
67
What is the greatest common factor of 826714 and 24094?
14
Calculate the greatest common divisor of 5330 and 798122.
26
Calculate the greatest common factor of 1202 and 8678.
2
Calculate the highest common factor of 251440650 and 9.
9
What is the greatest common factor of 4115 and 217659633?
823
What is the highest common divisor of 823 and 11891527?
823
What is the highest common factor of 243714 and 203246?
302
Calculate the highest common divisor of 25231866 and 25696.
1606
Calculate the highest common factor of 4196 and 34775399.
1049
What is the greatest common divisor of 12750 and 506073?
51
Calculate the highest common factor of 3240 and 173472570.
270
Calculate the highest common factor of 37229864 and 714.
238
Calculate the greatest common factor of 158772361 and 638.
319
What is the highest common factor of 1107749 and 16767?
23
Calculate the highest common factor of 52085083 and 43.
43
Calculate the highest common factor of 298357 and 468409.
383
What is the greatest common divisor of 3490 and 411436100?
3490
What is the highest common divisor of 638 and 12914077?
319
Calculate the greatest common divisor of 162379 and 38.
1
What is the highest common factor of 2986980 and 5055?
15
Calculate the highest common factor of 13218784 and 1376.
32
Calculate the greatest common divisor of 12075 and 212268.
21
What is the greatest common factor of 307989664 and 224?
32
Calculate the highest common factor of 130931 and 106673.
311
Calculate the highest common factor of 4756957 and 899.
29
What is the highest common factor of 5335 and 34278345?
485
Calculate the highest common factor of 1833 and 255307.
13
What is the greatest common divisor of 4188684 and 50172?
1356
What is the highest common divisor of 856 and 13414162?
214
What is the highest common factor of 318 and 7624209?
159
What is the highest common divisor of 3454 and 176?
22
What is the highest common factor of 816 and 10908696?
408
What is the greatest common divisor of 3445 and 2665105?
265
What is the highest common divisor of 18 and 717118713?
9
Calculate the highest common divisor of 10923 and 11913.
33
Calculate the greatest common factor of 34906 and 882784.
1126
Calculate the greatest common factor of 41254930 and 10.
10
What is the highest common factor of 110 and 32621160?
110
What is the highest common divisor of 16548629 and 244?
61
What is the greatest common factor of 1299942 and 124166?
2534
What is the greatest common divisor of 45164175 and 1325?
25
What is the highest common factor of 1134838 and 5870638?
1754
Calculate the greatest common divisor of 9730 and 114397.
139
What is the greatest common factor of 7700 and 249172?
308
Calculate the highest common factor of 37 and 97543766.
37
What is the greatest common divisor of 6797 and 5584221?
971
Calculate the highest common divisor of 280 and 1089397240.
40
Calculate the greatest common factor of 3160 and 23494995.
395
What is the highest common divisor of 524 and 195672080?
524
What is the highest common divisor of 1754 and 69492603?
877
What is the highest common factor of 751 and 418307?
751
What is the greatest common divisor of 496540546 and 206?
206
Calculate the highest common factor of 14 and 3620834.
14
What is the greatest common divisor of 896528 and 60532?
1636
Calculate the highest common factor of 10 and 178008095.
5
What is the greatest common factor of 320 and 6670784?
64
What is the greatest common factor of 1181075 and 295375?
425
Calculate the highest common divisor of 1425 and 7456683.
57
What is the highest common divisor of 78165269 and 663?
221
What is the greatest common factor of 1103055 and 16?
1
Calculate the greatest common divisor of 252800512 and 17540.
3508
Calculate the greatest common divisor of 22579023 and 348.
87
Calculate the greatest common divisor of 1200 and 1633872.
48
What is the greatest common divisor of 100 and 4688040?
20
What is the highest common factor of 3351 and 918078?
3
Calculate the greatest common divisor of 895567883 and 7.
7
What is the greatest common factor of 2006425 and 731?
17
Calculate the greatest common factor of 135141 and 943461.
1263
Calculate the greatest common divisor of 3293218 and 10.
2
What is the greatest common factor of 6928 and 210656232?
3464
What is the highest common factor of 19249472 and 296?
296
Calculate the greatest common factor of 540617 and 231.
77
What is the highest common divisor of 51532060 and 40?
20
What is the greatest common divisor of 121113 and 6687?
9
What is the highest common factor of 1050350513 and 509?
509
Calculate the highest common factor of 95584 and 249052.
116
Calculate the greatest common factor of 559 and 137041.
43
Calculate the highest common factor of 7514491 and 1419123.
3611
Calculate the greatest common factor of 54 and 8391249.
27
Calculate the highest common factor of 132 and 7101180.
12
What is the greatest common factor of 3081630 and 50?
10
Calculate the highest common factor of 720 and 540162.
18
Calculate the greatest common factor of 217165447 and 9083.
9083
What is the greatest common factor of 28972 and 7352?
4
Calculate the greatest common factor of 118837 and 167631.
787
Calculate the greatest common factor of 621941957 and 833.
833
What is the greatest common factor of 6256850 and 373150?
850
What is the greatest common factor of 13602630 and 105?
15
Calculate the greatest common factor of 120 and 71353840.
40
Calculate the highest common factor of 1523860 and 52.
52
Calculate the highest common divisor of 826 and 40956443.
59
Calculate the highest common factor of 148 and 63340196.
4
What is the highest common divisor of 13432 and 227705980?
6716
What is the highest common divisor of 60 and 97290890?
10
Calculate the greatest common factor of 44 and 95964.
44
Calculate the greatest common divisor of 855 and 1002130.
5
Calculate the greatest common factor of 55127280 and 80.
80
Calculate the greatest common divisor of 21635328 and 247432.
1576
Calculate the greatest common divisor of 14 and 332384738.
14
What is the greatest common factor of 536 and 10619701?
67
Calculate the greatest common divisor of 33650041 and 557.
557
Calculate the greatest common factor of 4121194 and 13.
1
What is the greatest common divisor of 51158376 and 360?
72
What is the greatest common factor of 232832036 and 4?
4
Calculate the greatest common factor of 6651 and 24171951.
2217
What is the highest common divisor of 25663885 and 2015?
65
What is the greatest common factor of 28324893 and 1614?
807
What is the highest common divisor of 259680 and 28920?
120
Calculate the greatest common factor of 100927376 and 32.
16
Calculate the greatest common factor of 3890053 and 3.
1
What is the greatest common divisor of 19808616 and 13